d by 18?
3
Calculate the remainder when 179605 is divided by 11153.
1157
Calculate the remainder when 8558904 is divided by 2852967.
3
What is the remainder when 410900 is divided by 70?
0
Calculate the remainder when 52066378 is divided by 40.
18
Calculate the remainder when 38629 is divided by 1833.
136
What is the remainder when 119817 is divided by 29772?
729
What is the remainder when 595712 is divided by 20541?
23
What is the remainder when 18448053 is divided by 2306006?
5
Calculate the remainder when 2321409 is divided by 339.
276
Calculate the remainder when 16073357 is divided by 5357779.
20
What is the remainder when 446118 is divided by 3783?
3507
Calculate the remainder when 563466 is divided by 251.
222
Calculate the remainder when 342861 is divided by 530.
481
What is the remainder when 237659 is divided by 3640?
1059
What is the remainder when 1682069 is divided by 1681963?
106
Calculate the remainder when 141720041 is divided by 419.
414
Calculate the remainder when 4324054 is divided by 12113.
11826
What is the remainder when 157290 is divided by 52424?
18
Calculate the remainder when 43245672 is divided by 2595.
2592
What is the remainder when 89401 is divided by 7055?
4741
What is the remainder when 534456 is divided by 29692?
0
What is the remainder when 409855 is divided by 92?
87
Calculate the remainder when 49772843 is divided by 2974.
2953
What is the remainder when 115782811 is divided by 25?
11
What is the remainder when 164321 is divided by 11337?
5603
Calculate the remainder when 859576 is divided by 73.
1
Calculate the remainder when 1869892 is divided by 60.
52
What is the remainder when 3557943 is divided by 118598?
3
What is the remainder when 38331 is divided by 9455?
511
What is the remainder when 1041133 is divided by 478?
49
Calculate the remainder when 5751322 is divided by 388.
386
Calculate the remainder when 1451 is divided by 962.
489
What is the remainder when 355531544 is divided by 1789?
1785
What is the remainder when 1345986 is divided by 672989?
8
Calculate the remainder when 19993870 is divided by 536.
534
Calculate the remainder when 1117812 is divided by 159607.
563
Calculate the remainder when 20124601 is divided by 1168.
1129
What is the remainder when 88192936 is divided by 220?
216
Calculate the remainder when 3799892 is divided by 6884.
6808
What is the remainder when 513842 is divided by 404?
358
Calculate the remainder when 1030346 is divided by 470.
106
What is the remainder when 223187 is divided by 74241?
464
What is the remainder when 204328 is divided by 25536?
40
What is the remainder when 9415 is divided by 237?
172
What is the remainder when 9500863 is divided by 125?
113
Calculate the remainder when 940760 is divided by 8630.
90
Calculate the remainder when 62173877 is divided by 5.
2
What is the remainder when 28186810 is divided by 1674?
1672
Calculate the remainder when 23788363 is divided by 515.
513
Calculate the remainder when 199837 is divided by 551.
375
What is the remainder when 262770 is divided by 29137?
537
What is the remainder when 470010 is divided by 1481?
533
Calculate the remainder when 171623 is divided by 608.
167
Calculate the remainder when 3661021 is divided by 137.
107
Calculate the remainder when 6841138 is divided by 60.
58
What is the remainder when 264925 is divided by 260?
245
What is the remainder when 439608 is divided by 108?
48
What is the remainder when 242534 is divided by 80535?
929
What is the remainder when 2449293 is divided by 306070?
733
What is the remainder when 2754611 is divided by 48320?
371
Calculate the remainder when 20756372 is divided by 23.
22
What is the remainder when 9253228 is divided by 834?
832
What is the remainder when 1615441 is divided by 136?
33
What is the remainder when 37506438 is divided by 4113?
4104
Calculate the remainder when 2623677 is divided by 16296.
21
What is the remainder when 3828393 is divided by 335?
13
Calculate the remainder when 10373 is divided by 8200.
2173
Calculate the remainder when 440105 is divided by 737.
116
What is the remainder when 75668342 is divided by 1699?
1678
Calculate the remainder when 633508 is divided by 105567.
106
Calculate the remainder when 579144 is divided by 41333.
482
What is the remainder when 85706 is divided by 27897?
2015
Calculate the remainder when 289660 is divided by 289122.
538
Calculate the remainder when 18439197 is divided by 180.
177
Calculate the remainder when 20213059 is divided by 54.
49
Calculate the remainder when 198607887 is divided by 1565.
1562
Calculate the remainder when 33230 is divided by 1352.
782
Calculate the remainder when 757784 is divided by 27.
2
Calculate the remainder when 215499574 is divided by 211.
210
What is the remainder when 9994879 is divided by 538?
453
Calculate the remainder when 15614397 is divided by 282.
57
What is the remainder when 2329093 is divided by 15?
13
Calculate the remainder when 8929286 is divided by 233.
27
What is the remainder when 66628 is divided by 2575?
2253
Calculate the remainder when 28080643 is divided by 675.
643
Calculate the remainder when 1039008 is divided by 21627.
912
Calculate the remainder when 172315 is divided by 48.
43
Calculate the remainder when 2293324 is divided by 12739.
304
Calculate the remainder when 7555740 is divided by 29983.
24
Calculate the remainder when 3678407 is divided by 1226126.
29
Calculate the remainder when 849947 is divided by 106237.
51
What is the remainder when 97436 is divided by 12169?
84
What is the remainder when 1066226 is divided by 1458?
428
Calculate the remainder when 1267357 is divided by 955.
72
What is the remainder when 28233126 is divided by 340158?
12
Calculate the remainder when 60470105 is divided by 42.
17
Calculate the remainder when 412854 is divided by 22936.
6
What is the remainder when 152062 is divided by 411?
403
What is the remainder when 84736 is divided by 178?
8
Calculate the remainder when 2262208 is divided by 64634.
18
What is the remainder when 105500 is divided by 12105?
8660
Calculate the remainder when 111763 is divided by 37254.
1
What is the remainder when 102264 is divided by 33968?
360
Calculate the remainder when 4304001 is divided by 133.
121
What is the remainder when 167964497 is divided by 36?
17
What is the remainder when 11348434 is divided by 3782794?
52
What is the remainder when 1480429465 is divided by 193?
191
Calculate the remainder when 12127727 is divided by 84220.
47
What is the remainder when 39074621 is divided by 41?
22
Calculate the remainder when 46083 is divided by 14773.
1764
Calculate the remainder when 406646 is divided by 36960.
86
What is the remainder when 6513651 is divided by 880?
771
Calculate the remainder when 1348979 is divided by 337241.
15
Calculate the remainder when 462021 is divided by 10739.
244
What is the remainder when 36835 is divided by 1463?
260
Calculate the remainder when 252803 is divided by 1049.
1043
Calculate the remainder when 1095279 is divided by 236.
3
What is the remainder when 16166 is divided by 3136?
486
Calculate the remainder when 4675783 is divided by 582.
577
Calculate the remainder when 39552099 is divided by 139760.
19
Calculate the remainder when 78436 is divided by 19578.
124
What is the remainder when 125220092 is divided by 414636?
20
What is the remainder when 90723597 is divided by 4400?
4397
What is the remainder when 82324 is divided by 39443?
3438
What is the remainder when 4644 is divided by 79?
62
Calculate the remainder when 101462848 is divided by 101462822.
26
What is the remainder when 11072039 is divided by 14033?
2
What is the remainder when 4712608 is divided by 1734?
1330
What is the remainder when 2768521 is divided by 979?
888
Calculate the remainder when 375766256 is divided by 20.
16
Calculate the remainder when 24688091 is divided by 1763431.
57
Calculate the remainder when 659491 is divided by 10466.
133
What is the remainder when 120942601 is divided by 537?
535
What is the remainder when 105285 is divided by 353?
91
What is the remainder when 413870 is divided by 59099?
177
What is the remainder when 6090827 is divided by 1154?
15
What is the remainder when 366683 is divided by 91446?
899
Calculate the remainder when 44